{"id":10252,"date":"2025-03-14T13:36:09","date_gmt":"2025-03-14T11:36:09","guid":{"rendered":"https:\/\/general.md\/wp-content\/uploads\/2025\/03\/Registrul-agentilor-de-asigurare-si-al-agentilor-bancassurance-actualizat-la-14.03.2025.pdf"},"modified":"2025-03-14T13:36:09","modified_gmt":"2025-03-14T11:36:09","slug":"registrul-agentilor-de-asigurare-si-al-agentilor-bancassurance-actualizat-la-14-03-2025","status":"inherit","type":"attachment","link":"https:\/\/general.md\/en\/rom-acte-constitutive\/registrul-agentilor-de-asigurare-si-al-agentilor-bancassurance-actualizat-la-14-03-2025\/","title":{"rendered":"Registrul agen\u0163ilor de asigurare \u015fi al agen\u0163ilor bancassurance &#8211; actualizat la 14.03.2025"},"author":1,"featured_media":0,"comment_status":"closed","ping_status":"closed","template":"","meta":{"_monsterinsights_skip_tracking":false,"_monsterinsights_sitenote_active":false,"_monsterinsights_sitenote_note":"","_monsterinsights_sitenote_category":0},"class_list":["post-10252","attachment","type-attachment","status-inherit","hentry"],"description":{"rendered":"<p class=\"attachment\"><a href='https:\/\/general.md\/wp-content\/uploads\/2025\/03\/Registrul-agentilor-de-asigurare-si-al-agentilor-bancassurance-actualizat-la-14.03.2025.pdf'>Registrul agen\u0163ilor de asigurare \u015fi al agen\u0163ilor bancassurance - actualizat la 14.03.2025<\/a><\/p>\n"},"caption":{"rendered":"<p>Registrul agen\u0163ilor de asigurare \u015fi al agen\u0163ilor bancassurance &#8211; actualizat la 14.03.2025<\/p>\n"},"alt_text":"","media_type":"file","mime_type":"application\/pdf","media_details":{"filesize":86438,"sizes":{}},"post":835,"source_url":"https:\/\/general.md\/wp-content\/uploads\/2025\/03\/Registrul-agentilor-de-asigurare-si-al-agentilor-bancassurance-actualizat-la-14.03.2025.pdf","_links":{"self":[{"href":"https:\/\/general.md\/en\/wp-json\/wp\/v2\/media\/10252"}],"collection":[{"href":"https:\/\/general.md\/en\/wp-json\/wp\/v2\/media"}],"about":[{"href":"https:\/\/general.md\/en\/wp-json\/wp\/v2\/types\/attachment"}],"author":[{"embeddable":true,"href":"https:\/\/general.md\/en\/wp-json\/wp\/v2\/users\/1"}],"replies":[{"embeddable":true,"href":"https:\/\/general.md\/en\/wp-json\/wp\/v2\/comments?post=10252"}]}}

Registrul agenţilor de asigurare şi al agenţilor bancassurance &#8211; actualizat la 14.03.2025

<p class="attachment"><a href='https://general.md/wp-content/uploads/2025/03/Registrul-agentilor-de-asigurare-si-al-agentilor-bancassurance-actualizat-la-14.03.2025.pdf'>Registrul agenţilor de asigurare şi al agenţilor bancassurance - actualizat la 14.03.2025</a></p>

<p>Registrul agenţilor de asigurare şi al agenţilor bancassurance &#8211; actualizat la 14.03.2025</p>
