{"id":10379,"date":"2025-04-25T10:06:31","date_gmt":"2025-04-25T07:06:31","guid":{"rendered":"https:\/\/general.md\/wp-content\/uploads\/2025\/04\/Informatie-privind-functiile-si-activitatile-externalizate-de-catre-CA\u201eGeneral-AsigurariSA.xlsx"},"modified":"2025-04-25T10:06:31","modified_gmt":"2025-04-25T07:06:31","slug":"informatie-privind-functiile-si-activitatile-externalizate-de-catre-cageneral-asigurarisa","status":"inherit","type":"attachment","link":"https:\/\/general.md\/ru\/rom-alte-actiuni\/informatie-privind-functiile-si-activitatile-externalizate-de-catre-cageneral-asigurarisa\/","title":{"rendered":"Informa\u021bie privind func\u021biile \u0219i activit\u0103\u0163ile externalizate de c\u0103tre CA\u201eGeneral Asigur\u0103ri\u201dSA"},"author":1,"featured_media":0,"comment_status":"closed","ping_status":"closed","template":"","meta":{"_monsterinsights_skip_tracking":false,"_monsterinsights_sitenote_active":false,"_monsterinsights_sitenote_note":"","_monsterinsights_sitenote_category":0},"class_list":["post-10379","attachment","type-attachment","status-inherit","hentry"],"description":{"rendered":"<p class=\"attachment\"><a href='https:\/\/general.md\/wp-content\/uploads\/2025\/04\/Informatie-privind-functiile-si-activitatile-externalizate-de-catre-CA\u201eGeneral-AsigurariSA.xlsx'>Informa\u021bie privind func\u021biile \u0219i activit\u0103\u0163ile externalizate de c\u0103tre CA\u201eGeneral Asigur\u0103ri\u201dSA<\/a><\/p>\n"},"caption":{"rendered":"<p>Informa\u021bie privind func\u021biile \u0219i activit\u0103\u0163ile externalizate de c\u0103tre CA\u201eGeneral Asigur\u0103ri\u201dSA<\/p>\n"},"alt_text":"","media_type":"file","mime_type":"application\/vnd.openxmlformats-officedocument.spreadsheetml.sheet","media_details":{"filesize":11104,"sizes":{}},"post":858,"source_url":"https:\/\/general.md\/wp-content\/uploads\/2025\/04\/Informatie-privind-functiile-si-activitatile-externalizate-de-catre-CA\u201eGeneral-AsigurariSA.xlsx","_links":{"self":[{"href":"https:\/\/general.md\/ru\/wp-json\/wp\/v2\/media\/10379"}],"collection":[{"href":"https:\/\/general.md\/ru\/wp-json\/wp\/v2\/media"}],"about":[{"href":"https:\/\/general.md\/ru\/wp-json\/wp\/v2\/types\/attachment"}],"author":[{"embeddable":true,"href":"https:\/\/general.md\/ru\/wp-json\/wp\/v2\/users\/1"}],"replies":[{"embeddable":true,"href":"https:\/\/general.md\/ru\/wp-json\/wp\/v2\/comments?post=10379"}]}}

Informație privind funcțiile și activităţile externalizate de către CA„General Asigurări”SA

<p class="attachment"><a href='https://general.md/wp-content/uploads/2025/04/Informatie-privind-functiile-si-activitatile-externalizate-de-catre-CA„General-AsigurariSA.xlsx'>Informație privind funcțiile și activităţile externalizate de către CA„General Asigurări”SA</a></p>

<p>Informație privind funcțiile și activităţile externalizate de către CA„General Asigurări”SA</p>
