{"id":11609,"date":"2025-12-11T10:43:45","date_gmt":"2025-12-11T08:43:45","guid":{"rendered":"https:\/\/general.md\/wp-content\/uploads\/2025\/12\/Registrul-agentilor-de-asigurare-si-al-agentilor-bancassurance-actualizat-la-11.12.2025-pentru-site.xlsx"},"modified":"2025-12-11T10:43:45","modified_gmt":"2025-12-11T08:43:45","slug":"registrul-agentilor-de-asigurare-si-al-agentilor-bancassurance-actualizat-la-11-12-2025-pentru-site","status":"inherit","type":"attachment","link":"https:\/\/general.md\/ru\/rom-acte-constitutive\/registrul-agentilor-de-asigurare-si-al-agentilor-bancassurance-actualizat-la-11-12-2025-pentru-site\/","title":{"rendered":"Registrul agen\u0163ilor de asigurare \u015fi al agen\u0163ilor bancassurance &#8212; actualizat la 11.12.2025 &#8212; pentru site"},"author":1,"featured_media":0,"comment_status":"closed","ping_status":"closed","template":"","meta":{"_monsterinsights_skip_tracking":false,"_monsterinsights_sitenote_active":false,"_monsterinsights_sitenote_note":"","_monsterinsights_sitenote_category":0},"class_list":["post-11609","attachment","type-attachment","status-inherit","hentry"],"description":{"rendered":"<p class=\"attachment\"><a href='https:\/\/general.md\/wp-content\/uploads\/2025\/12\/Registrul-agentilor-de-asigurare-si-al-agentilor-bancassurance-actualizat-la-11.12.2025-pentru-site.xlsx'>Registrul agen\u0163ilor de asigurare \u015fi al agen\u0163ilor bancassurance - actualizat la 11.12.2025 - pentru site<\/a><\/p>\n"},"caption":{"rendered":"<p>Registrul agen\u0163ilor de asigurare \u015fi al agen\u0163ilor bancassurance &#8212; actualizat la 11.12.2025 &#8212; pentru site<\/p>\n"},"alt_text":"","media_type":"file","mime_type":"application\/vnd.openxmlformats-officedocument.spreadsheetml.sheet","media_details":{"filesize":12327,"sizes":{}},"post":835,"source_url":"https:\/\/general.md\/wp-content\/uploads\/2025\/12\/Registrul-agentilor-de-asigurare-si-al-agentilor-bancassurance-actualizat-la-11.12.2025-pentru-site.xlsx","_links":{"self":[{"href":"https:\/\/general.md\/ru\/wp-json\/wp\/v2\/media\/11609"}],"collection":[{"href":"https:\/\/general.md\/ru\/wp-json\/wp\/v2\/media"}],"about":[{"href":"https:\/\/general.md\/ru\/wp-json\/wp\/v2\/types\/attachment"}],"author":[{"embeddable":true,"href":"https:\/\/general.md\/ru\/wp-json\/wp\/v2\/users\/1"}],"replies":[{"embeddable":true,"href":"https:\/\/general.md\/ru\/wp-json\/wp\/v2\/comments?post=11609"}]}}

Registrul agenţilor de asigurare şi al agenţilor bancassurance &#8212; actualizat la 11.12.2025 &#8212; pentru site

<p class="attachment"><a href='https://general.md/wp-content/uploads/2025/12/Registrul-agentilor-de-asigurare-si-al-agentilor-bancassurance-actualizat-la-11.12.2025-pentru-site.xlsx'>Registrul agenţilor de asigurare şi al agenţilor bancassurance - actualizat la 11.12.2025 - pentru site</a></p>

<p>Registrul agenţilor de asigurare şi al agenţilor bancassurance &#8212; actualizat la 11.12.2025 &#8212; pentru site</p>
